4
In base 12, what is 0 - 11a39?
-11a39
In base 3, what is 121212112 - 1001?
121211111
In base 10, what is -439779 + -3?
-439782
In base 12, what is 75 - -b7?
170
In base 9, what is -14 + -180?
-204
In base 2, what is -100110101000 - 10011001111?
-111001110111
In base 4, what is 1100121 - -2321?
1103102
In base 6, what is -220202 + 3?
-220155
In base 2, what is -10010 - 10011000000?
-10011010010
In base 13, what is -2666 + -ab?
-2744
In base 14, what is 3 + 4bbc?
4bc1
In base 13, what is -27750 - 10?
-27760
In base 8, what is 560020 - -2?
560022
In base 2, what is 11001011000 + -11000110?
10110010010
In base 11, what is 2 + -335040?
-335039
In base 16, what is -2b + -438?
-463
In base 2, what is 11000 - -1001000100111?
1001000111111
In base 4, what is -300232320 + -11?
-300232331
In base 15, what is 79a - -73?
81d
In base 16, what is 2871 + 4?
2875
In base 3, what is -222 + -111110101?
-111111100
In base 4, what is -1112222 + -1?
-1112223
In base 2, what is 10011010010011001100 + -101?
10011010010011000111
In base 15, what is 81 - -57?
d8
In base 15, what is 4 + 4653?
4657
In base 4, what is 30303103023 + 11?
30303103100
In base 14, what is -5 + -27070?
-27075
In base 15, what is 506 - e?
4e7
In base 16, what is 852 - -5?
857
In base 10, what is 1987 + 501?
2488
In base 2, what is 100 + 11001111010001011100?
11001111010001100000
In base 13, what is 73 + -209b?
-2028
In base 7, what is -362 - 10444?
-11136
In base 15, what is c - -25169?
25176
In base 2, what is 100100 - -10101110101001?
10101111001101
In base 12, what is 28423 - 0?
28423
In base 9, what is 0 + 10711?
10711
In base 15, what is -2ce - 1?
-2d0
In base 14, what is 41a - -26?
442
In base 7, what is 4 - 1213603?
-1213566
In base 13, what is 1851 - 3?
184b
In base 12, what is 6331b2 - 1?
6331b1
In base 7, what is -633330 - 1?
-633331
In base 14, what is 3 + 1598a6?
1598a9
In base 12, what is 32957 + -1?
32956
In base 11, what is -1 - -a35a?
a359
In base 4, what is 2222133232 - -2?
2222133300
In base 8, what is -17745 + 353?
-17372
In base 11, what is 90 - -1912?
19a2
In base 12, what is 159b - 14?
1587
In base 16, what is -3 + -2c75f?
-2c762
In base 15, what is -2b1 + -29?
-2da
In base 3, what is 1020220021220 + -11?
1020220021202
In base 13, what is 46 + -20?
26
In base 14, what is -1051 - aa?
-111b
In base 15, what is c + -9c3?
-9b6
In base 4, what is -1222 - -30011?
22123
In base 2, what is 10 - -101111110001011000?
101111110001011010
In base 7, what is 564303 - 3?
564300
In base 15, what is -754a + -23?
-756d
In base 3, what is 122012 - -12010?
211022
In base 10, what is -9 + -2165?
-2174
In base 5, what is 3142 - 440?
2202
In base 14, what is 5 + -2336ba?
-2336b5
In base 14, what is 5dda4 + -1?
5dda3
In base 3, what is -221120111 + 1011?
-221112100
In base 8, what is -45 - 14547?
-14614
In base 16, what is 5 + 6226?
622b
In base 8, what is -104203 + -3?
-104206
In base 11, what is -1 + 618a5?
618a4
In base 16, what is 0 + b6e5?
b6e5
In base 11, what is -5 + -6283?
-6288
In base 16, what is -1 + -335d3?
-335d4
In base 4, what is 32310 + -30200?
2110
In base 4, what is 10 - -13333130?
13333200
In base 14, what is 115 - -612?
727
In base 4, what is 221030 - -331?
222021
In base 5, what is -110 - -10140?
10030
In base 9, what is 180 + 86?
276
In base 12, what is -790 + 831?
61
In base 10, what is 4805 + 26?
4831
In base 14, what is 1a - -1400?
141a
In base 10, what is 10 - -4415?
4425
In base 12, what is 25 + -958?
-933
In base 5, what is -44330 + 0?
-44330
In base 16, what is 1dae - -8?
1db6
In base 9, what is 144656 + -1?
144655
In base 10, what is 1 + -6156?
-6155
In base 6, what is -104450 + 0?
-104450
In base 10, what is -11131 + -18?
-11149
In base 16, what is -70a7 + -1d?
-70c4
In base 2, what is -1110001110000 + 11110101?
-1101101111011
In base 15, what is -109 - -334d?
3244
In base 2, what is 11101101000010010 - -11?
11101101000010101
In base 13, what is -3 + -175417?
-17541a
In base 3, what is 12 - 1011120122100?
-1011120122011
In base 2, what is -110 - -100110011111111?
100110011111001
In base 11, what is -13a0 + 798?
-703
In base 5, what is -1130 + 2334243?
2333113
In base 7, what is -15 + -122400?
-122415
In base 16, what is 2b7a + 40?
2bba
In base 5, what is 103 + 2320240?
2320343
In base 11, what is -71990 + 3?
-71988
In base 11, what is 197 - 5a8?
-411
In base 10, what is 668134 - 2?
668132
In base 12, what is a - 1497?
-1489
In base 3, what is -21011102202 - 11?
-21011102220
In base 9, what is -1180343 - -3?
-1180340
In base 15, what is -34c1 + -2?
-34c3
In base 3, what is 10001000121222 - -1?
10001000122000
In base 6, what is -500544 + 0?
-500544
In base 13, what is 26615 + 6?
2661b
In base 12, what is 47 + -262a?
-25a3
In base 10, what is -101 + -25131?
-25232
In base 7, what is 624 - 61012?
-60055
In base 11, what is -15 + -55a?
-574
In base 8, what is -1244 - -10?
-1234
In base 10, what is -2 - 10481?
-10483
In base 3, what is 1102121 + 122?
1110020
In base 11, what is 13 + -71818?
-71805
In base 5, what is -22403113 + -10?
-22403123
In base 2, what is -1010100010000001010 - -111?
-1010100010000000011
In base 5, what is -20 + -311244?
-311314
In base 3, what is 0 - 201210000211?
-201210000211
In base 12, what is -13999 + 4?
-13995
In base 5, what is -10 + -2001243?
-2001303
In base 10, what is -2 - 56020?
-56022
In base 9, what is 7237 - -22?
7260
In base 14, what is -15d0 + -56?
-1646
In base 10, what is 1 - 64348?
-64347
In base 9, what is -2277 + -72?
-2360
In base 5, what is -12 - 120221?
-120233
In base 11, what is -1a491 + 4?
-1a488
In base 11, what is 2a87 - 10?
2a77
In base 5, what is -10102120 + 10?
-10102110
In base 2, what is 11 + -100011111110100011?
-100011111110100000
In base 6, what is -13022 + -2?
-13024
In base 6, what is 5 + 22020215?
22020224
In base 8, what is 512655 + 20?
512675
In base 8, what is -635472 - -4?
-635466
In base 15, what is 13 + -24426?
-24413
In base 4, what is 21230213022 + 0?
21230213022
In base 4, what is 2331313 + -10?
2331303
In base 10, what is 2 + 11210?
11212
In base 5, what is -400401 + -2103?
-403004
In base 11, what is -291825 + -1?
-291826
In base 13, what is 686 - 643?
43
In base 14, what is -2732d7 - -2?
-2732d5
In base 16, what is -6a + 163?
f9
In base 6, what is -315051330 - 1?
-315051331
In base 6, what is -1340532 - 0?
-1340532
In base 2, what is 101000010 + -10000?
100110010
In base 3, what is 11121 + 112200?
201021
In base 7, what is -25 - -6402?
6344
In base 11, what is 36 + 7038?
7073
In base 5, what is -4 + 33201124?
33201120
In base 16, what is -34ba - 2f?
-34e9
In base 11, what is -289 + 1a2?
-97
In base 10, what is 73 + 162?
235
In base 12, what is 1b - -1652?
1671
In base 9, what is -2366 + -322?
-2688
In base 16, what is 399b - 4?
3997
In base 10, what is -74 - -35?
-39
In base 8, what is 24 + -343?
-317
In base 16, what is -7c + -9?
-85
In base 9, what is 15 - -10716?
10732
In base 4, what is -120022002 - 2?
-120022010
In base 12, what is -12462 + -80?
-12522
In base 15, what is -15d72 + -5?
-15d77
In base 3, what is 1 + -20010012022?
-20010012021
In base 8, what is 6 - -54302?
54310
In base 16, what is 6ad6 + -2?
6ad4
In base 13, what is -2bc3 - 48?
-2c3b
In base 12, what is -3b20 + 14?
-3b08
In base 14, what is -359 - a1b?
-d76
In base 14, what is -39 + 413?
3b8
In base 16, what is -54 - 150b?
-155f
In base 10, what is -2494 - 2?
-2496
In base 7, what is -11 - 322424?
-322435
In base 7, what is -1 - 161046?
-161050
In base 10, what is 641 + -590?
51
In base 10, what is -3 + 1542?
1539
In base 11, what is 50102 - -3?
50105
In base 11, what is 38a183 + -4?
38a17a
In base 14, what is -3b - -2d49?
2d0c
In base 14, what is 8979 + -8?
8971
In base 8, what is -5 + -475440?
-475445
In base 11, what is 66835 - -3?
66838
In base 14, what is -1a0 + -20?
-1c0
In base 7, what is 1 + -25435?
-25434
In base 15, what is 1 + 68a8?
68a9
In base 7, what is -4345 + -2?
-4350
In base 15, what is 76 + -31?
45
In base 8, what is -4 + -1026004?
-1026010
In base 2, what is 101 + -10100101110011101?
-10100101110011000
In base 7, what is -4 - 61532?
-61536
In base 2, what is 11 - 101111110010000?
-101111110001101
In base 13, what is -3242a - -15?
-32415
In base 12, what is -4 - ab043?
-ab047
In base 10, what is 85385